NOAA-Style Climate Reports
Select a Year or Month report
2024: Jan Feb Mar Apr May Jun Jul Aug Sep Oct Nov Dec
2023: Jan Feb Mar Apr May Jun Jul Aug Sep Oct Nov Dec
2022: Jan Feb Mar Apr May Jun Jul Aug Sep Oct Nov Dec
2021: Jan Feb Mar Apr May Jun Jul Aug Sep Oct Nov Dec
2024: Jan Feb Mar Apr May Jun Jul Aug Sep Oct Nov Dec
2023: Jan Feb Mar Apr May Jun Jul Aug Sep Oct Nov Dec
2022: Jan Feb Mar Apr May Jun Jul Aug Sep Oct Nov Dec
2021: Jan Feb Mar Apr May Jun Jul Aug Sep Oct Nov Dec
Report for 2022
Daily NOAA report YEARLY CLIMATOLOGICAL SUMMARY for Dec 2022 NAME: CITY: STATE: ELEV: LAT: LONG: TEMPERATURE ( °F), RAIN (in.), WIND SPEED (mph) HEAT COOL AVG MEAN DEG DEG WIND DOM MTH TEMP HIGH TIME LOW TIME DAYS DAYS RAIN SPEED HIGH TIME DIR -------------------------------------------------------------------------------------------------------- 01 29.6 050.7 11:57 -00.1 08:18 1092.6 0000.0 00.00 00.0 00.0 23:57 ENE 02 32.4 060.4 15:38 06.7 07:04 0913.0 0000.0 00.04 01.9 46.0 23:57 SE 03 44.5 073.2 15:52 18.9 06:05 0610.0 0000.0 00.07 06.1 34.5 23:57 SE 04 44.1 075.0 15:19 27.7 07:03 0580.0 0000.0 00.10 08.3 92.0 23:57 SSW 05 53.1 081.2 14:54 32.6 05:28 0366.0 0000.0 00.11 01.6 40.3 23:57 SSW 06 63.1 096.2 16:49 46.6 05:54 0089.0 0035.2 00.13 00.0 09.2 23:57 SSW 07 74.3 105.8 15:47 49.5 06:29 0000.7 0291.3 00.00 02.9 24.1 23:57 S 08 74.9 105.3 16:41 48.4 07:03 0000.0 0296.9 00.16 06.0 38.0 23:57 S 09 63.9 102.8 17:04 43.4 07:15 0077.2 0044.7 01.65 05.0 28.8 23:57 SSE 10 53.5 081.5 15:16 33.5 05:45 0276.4 0000.0 00.38 03.1 23.0 23:57 SSE 11 31.1 053.6 13:04 10.5 07:39 1013.5 0000.0 03.35 00.2 19.6 23:56 SSE 12 28.9 045.6 13:49 04.5 08:17 1117.7 0000.0 01.65 00.1 16.1 23:57 S -------------------------------------------------------------------------------------------------------- 49.5 105.8 -0.1 6136.0 668.2 07.64 2.9 92.0 S Max > 90.0: 66 Max < 32.0: 18 Min < 32.0: 354 Min < 0.0: 0 Max > 90.0: 66 Max < 32.0: 18 Min < 32.0: 354 Min < 0.0: 0 Max < 23.0: 3 Min < 23.0: 48 Max < 14.0: 0 Min < 14.0: 15 Max < 5.0: 0 Min < 0.0: 0 Max < -4.0: 0 Min < -4.0: 0 Max < -13.0: 0 Min < -13.0: 0 Max Rain: 0.15 ON 31-01-23 Days of Rain: 138 (> .008in) 70 (> .08in) 2 (> 0.8in) Max < 23: 2