NOAA-Style Climate Reports
Select a Year or Month report
2024: Jan Feb Mar Apr May Jun Jul Aug Sep Oct Nov Dec
2023: Jan Feb Mar Apr May Jun Jul Aug Sep Oct Nov Dec
2022: Jan Feb Mar Apr May Jun Jul Aug Sep Oct Nov Dec
2021: Jan Feb Mar Apr May Jun Jul Aug Sep Oct Nov Dec
2024: Jan Feb Mar Apr May Jun Jul Aug Sep Oct Nov Dec
2023: Jan Feb Mar Apr May Jun Jul Aug Sep Oct Nov Dec
2022: Jan Feb Mar Apr May Jun Jul Aug Sep Oct Nov Dec
2021: Jan Feb Mar Apr May Jun Jul Aug Sep Oct Nov Dec
Report for 2022 February
Daily NOAA report MONTHLY CLIMATOLOGICAL SUMMARY for FEB. 2022 NAME: CITY: STATE: ELEV: 0 LAT: : : LONG: : : TEMPERATURE ( °F), RAIN (in.), WIND SPEED (mph) HEAT COOL AVG MEAN DEG DEG WIND DOM DAY TEMP HIGH TIME LOW TIME DAYS DAYS RAIN SPEED HIGH TIME DIR -------------------------------------------------------------------------------------------------------- 01 28.6 037.5 12:54 24.3 00:00 36.3 00.0 00.05 00.0 00.0 00:00 ENE 02 23.0 029.0 13:25 15.0 07:42 41.9 00.0 00.00 00.0 00.0 00:00 E 03 28.0 032.9 14:04 23.0 03:22 37.0 00.0 00.03 00.0 00.0 00:00 N 04 34.2 041.8 11:45 28.0 07:33 30.7 00.0 00.08 00.0 00.0 00:00 NE 05 39.8 054.7 13:44 33.1 00:00 25.1 00.0 00.00 00.0 00.0 00:00 ESE 06 34.0 051.2 14:30 25.5 05:06 30.9 00.0 00.00 00.0 00.0 00:00 NE 07 36.9 052.9 15:05 24.5 07:08 28.1 00.0 00.01 00.0 00.0 00:00 ENE 08 36.8 045.9 14:31 27.0 08:13 28.1 00.0 00.00 00.0 00.0 00:00 ENE 09 40.9 057.0 14:25 34.1 00:00 24.1 00.0 00.00 00.0 00.0 00:00 ENE 10 41.9 060.4 15:38 31.6 07:38 23.1 00.0 00.00 00.0 00.0 00:00 ENE 11 35.7 054.7 14:35 27.8 08:06 29.2 00.0 00.00 00.0 00.0 00:00 E 12 34.0 051.3 14:48 22.2 07:20 30.9 00.0 00.01 00.0 00.0 00:00 E 13 35.1 054.0 15:30 22.4 07:40 29.8 00.0 00.00 00.0 00.0 00:00 E 14 33.0 036.4 14:57 30.3 07:56 32.0 00.0 00.18 00.0 00.0 00:00 ENE 15 33.8 036.1 14:31 31.9 05:53 31.2 00.0 00.14 00.0 00.0 00:00 NNW 16 35.6 040.9 14:31 31.9 23:27 29.3 00.0 00.04 00.0 00.0 00:00 NNE 17 36.0 046.1 15:29 28.7 07:20 28.9 00.0 00.01 00.0 00.0 00:00 N 18 37.4 054.5 15:59 29.5 07:18 27.5 00.0 00.00 00.0 00.0 00:00 ENE 19 36.1 042.5 14:38 29.1 07:19 28.9 00.0 00.00 00.0 00.0 00:00 E 20 37.2 042.5 11:59 32.4 23:57 27.8 00.0 00.07 00.0 00.0 00:00 NE 21 30.6 041.2 13:31 21.0 00:00 34.3 00.0 00.01 00.0 00.0 00:00 N 22 19.4 025.9 13:51 13.2 00:00 45.5 00.0 00.00 00.0 00.0 00:00 NW 23 16.0 024.9 14:51 06.7 07:04 49.0 00.0 00.00 00.0 00.0 00:00 ENE 24 20.7 026.5 12:50 16.4 00:00 44.2 00.0 00.00 00.0 00.0 00:00 SE 25 20.7 034.4 14:32 09.0 06:49 44.3 00.0 00.00 02.3 06.9 21:03 WNW 26 27.3 045.1 16:05 12.9 06:55 37.7 00.0 00.00 13.0 36.8 23:03 SE 27 32.0 039.5 14:41 23.7 03:37 32.9 00.0 00.12 16.0 35.6 04:03 SSE 28 40.4 048.6 15:14 34.6 05:06 24.5 00.0 00.13 21.3 46.0 19:05 S -------------------------------------------------------------------------------------------------------- 32.3 (33.9) 60.4 day 10 06.7 day 23 913.1 000.0 00.87 01.9 46.0 day 28 SSE Max < 32: 4 Min < 86: 28 Min < 23: 10 Max Rain: 0.18 ON 14-02-22 Days of Rain: 13 (> .008in) 5 (> .08in) 0 (> 0.8in)