NOAA-Style Climate Reports
Select a Year or Month report
2024: Jan Feb Mar Apr May Jun Jul Aug Sep Oct Nov Dec
2023: Jan Feb Mar Apr May Jun Jul Aug Sep Oct Nov Dec
2022: Jan Feb Mar Apr May Jun Jul Aug Sep Oct Nov Dec
2021: Jan Feb Mar Apr May Jun Jul Aug Sep Oct Nov Dec
2024: Jan Feb Mar Apr May Jun Jul Aug Sep Oct Nov Dec
2023: Jan Feb Mar Apr May Jun Jul Aug Sep Oct Nov Dec
2022: Jan Feb Mar Apr May Jun Jul Aug Sep Oct Nov Dec
2021: Jan Feb Mar Apr May Jun Jul Aug Sep Oct Nov Dec
Report for 2023 February
Daily NOAA report MONTHLY CLIMATOLOGICAL SUMMARY for FEB. 2023 NAME: CITY: STATE: ELEV: LAT: LONG: TEMPERATURE ( °F), RAIN (in.), WIND SPEED (mph) HEAT COOL AVG MEAN DEG DEG WIND DOM DAY TEMP HIGH TIME LOW TIME DAYS DAYS RAIN SPEED HIGH TIME DIR -------------------------------------------------------------------------------------------------------- 01 29.3 038.6 14:27 22.2 04:56 35.6 00.0 00.01 00.2 03.5 20:27 NW 02 30.3 045.8 14:40 19.7 07:07 34.6 00.0 00.00 00.4 04.6 12:44 NW 03 29.9 036.4 15:43 23.3 07:27 35.0 00.0 00.00 00.3 05.8 13:43 WNW 04 37.9 054.5 14:17 30.9 05:43 27.0 00.0 00.00 00.4 05.8 11:17 WNW 05 36.5 041.3 14:26 33.1 07:02 28.5 00.0 00.23 00.3 10.3 00:39 NW 06 38.1 044.3 14:11 34.6 00:00 26.9 00.0 00.00 00.1 03.5 12:27 WNW 07 35.5 040.5 21:27 31.3 05:56 29.5 00.0 00.06 00.3 03.5 23:07 NW 08 35.5 046.9 15:00 28.2 23:56 29.5 00.0 00.00 00.5 08.1 15:46 NW 09 33.0 049.2 14:20 21.7 07:39 32.0 00.0 00.00 00.5 04.6 11:54 W 10 34.8 054.7 14:57 23.6 06:06 30.1 00.0 00.00 00.5 04.6 13:07 SW 11 34.8 051.6 14:52 24.0 07:27 30.1 00.0 00.00 00.6 06.9 11:41 NW 12 34.4 052.6 14:53 22.9 07:36 30.6 00.0 00.00 00.6 05.8 13:11 WNW 13 34.6 040.6 13:26 30.0 00:01 30.3 00.0 00.02 00.4 08.1 14:29 WSW 14 32.4 035.3 11:10 29.5 00:00 32.5 00.0 00.07 00.2 03.5 14:39 WNW 15 31.9 045.1 15:00 25.4 00:00 33.0 00.0 00.00 00.4 04.6 15:27 W 16 31.7 047.7 13:53 20.1 07:03 33.2 00.0 00.00 00.6 05.8 11:17 WNW 17 35.7 046.4 14:59 26.0 07:49 29.2 00.0 00.00 00.4 05.8 14:06 W 18 35.8 039.6 09:07 32.3 21:01 29.1 00.0 00.08 00.2 03.5 19:39 WSW 19 38.3 046.0 14:23 32.2 06:27 26.6 00.0 00.03 00.2 04.6 14:41 WNW 20 44.8 052.0 21:14 39.0 03:53 20.1 00.0 00.19 00.4 08.1 20:56 NNW 21 40.3 049.9 12:56 31.7 19:09 24.6 00.0 00.00 01.0 11.5 13:04 NNE 22 25.7 032.0 00:10 18.5 00:00 39.2 00.0 00.01 02.9 17.3 05:29 NE 23 21.1 029.8 14:14 14.3 06:58 43.8 00.0 00.00 00.9 08.1 13:39 SE 24 23.5 034.4 14:29 15.9 02:17 41.4 00.0 00.00 00.7 08.1 14:33 WNW 25 28.3 047.6 14:37 13.8 07:19 36.7 00.0 00.00 00.8 11.5 11:36 NE 26 30.2 035.1 12:35 24.7 02:42 34.7 00.0 00.09 00.3 04.6 16:48 WNW 27 34.7 046.8 15:20 25.2 03:44 30.2 00.0 00.01 00.8 08.1 19:19 NE 28 37.5 045.0 13:26 29.7 23:37 27.4 00.0 00.01 00.8 08.1 12:02 NW -------------------------------------------------------------------------------------------------------- 33.5 (34.9) 54.7 day 10 13.8 day 25 881.6 000.0 00.80 00.6 17.3 day 22 NW Max < 32: 2 Min < 86: 28 Min < 23: 9 Max Rain: 0.23 ON 5-02-23 Days of Rain: 12 (> .008in) 4 (> .08in) 0 (> 0.8in)